pose 0 = 15*x - 7967 - 9058. List the prime factors of x.
5, 227
List the prime factors of (5 - (0 + 1)) + (-676330)/(-470).
3, 13, 37
Let l(p) = p**3 - 2*p**2 - 2*p - 3. Let t(o) = o + 5. Let k be t(15). Suppose 3*c + k = 8*c. What are the prime factors of l(c)?
3, 7
Let v(a) = -14*a + 1. Let d be 6 + (-72)/4 - 3/(-1). List the prime factors of v(d).
127
Suppose 0*o = 4*o - 16. Suppose -5*f - 4*r = -21, 2*f - o*f + 6 = r. Suppose -f + 7 = 3*a. List the prime factors of a.
2
Suppose 5*h = -0*j + 4*j - 143, 4*h = -j + 41. Suppose 31 = -l + 5*l + i, 0 = 4*l - 5*i - j. List the prime factors of l.
2
Suppose 0 = 20*i - 6086 - 234. List the prime factors of i.
2, 79
Let p(j) = -27*j + 27. Let s be p(-4). Let y = 453 - s. List the prime factors of y.
2, 3, 53
Let m(v) = -v**3 - 8*v**2 + 11*v - 11. Let r be m(-9). Let o = -23 - r. Suppose o = h - 9. What are the prime factors of h?
3, 5
List the prime factors of (3 - -1390) + (-6)/3.
13, 107
Suppose 4*z = -2*l + 1062, -3*z + 3*l = -376 - 416. List the prime factors of z.
5, 53
Let o = 938 - 78. What are the prime factors of o?
2, 5, 43
Suppose 5*b = -n + 8458, -b - 3*n + 1700 = -7*n. What are the prime factors of b?
2, 3, 47
Let o = -925 + 1600. What are the prime factors of o?
3, 5
Let o(t) = t**3 - t + 172. Suppose -2*m + 2 = -4*j - 4, -3*j + 3 = m. List the prime factors of o(j).
2, 43
Let c be (8 + 10)*(-2)/(-6). Suppose -2*o = c, 5*f + 2*o - 5 - 14 = 0. Suppose -f*m + 34 = -11. List the prime factors of m.
3
Suppose -2*o - 3*r = 48, -56 = 2*o - 0*r + 5*r. Suppose -2*h - 3 = -15. What are the prime factors of o*(0 - h/3)?
2, 3
Let z be (-40)/10 + 1*9. Suppose -91 = -z*s + 4. What are the prime factors of s?
19
Suppose -3*b - v = 25, v + 4*v + 5 = 0. Let g(n) be the third derivative of n**4/24 + 5*n**3/2 - 5*n**2. What are the prime factors of g(b)?
7
Let b = -6 + 8. Let j(x) = 0*x**2 + b - x**2 + 9*x + 2*x. List the prime factors of j(5).
2
Suppose -4*j - 2*r + 11496 - 3080 = 0, -j = 4*r - 2111. List the prime factors of j.
3, 701
Let o(l) = l**2 + 5*l - 3. Let d be o(-6). Let r = d - 10. Let z = r + 9. What are the prime factors of z?
2
List the prime factors of (-12)/2*(4 - 12051/27).
2, 1327
Suppose -5*o + 4310 = -2*m, 3*m + 2*m + 885 = o. List the prime factors of o.
2, 5, 43
Let j = -530 + 1405. List the prime factors of j.
5, 7
Let z = -383 - -666. List the prime factors of z.
283
Suppose -20 = 4*c, 4*a - 1486 = 2*c + 1676. List the prime factors of a.
2, 197
Suppose 0 = 4*k + r - 9, 4*k = k + 4*r + 21. Let u be (k + 3)*2/3. Suppose -10 = -3*g - u. What are the prime factors of g?
2
Let s = -131 - -395. List the prime factors of s.
2, 3, 11
Suppose c = -3*f, -4*f = -c + 2*c. Suppose 34 = y + 4*s + s, f = -2*y + 4*s - 2. What are the prime factors of y?
3
Let o(i) be the third derivative of -i**7/5040 + i**6/240 - i**5/15 - 2*i**2. Let j(z) be the third derivative of o(z). List the prime factors of j(-5).
2
Let w = -42 - -71. Suppose w - 4 = 5*v. Suppose -4*c + v*s + 48 = 0, 5*c - 37 = 4*c - 5*s. What are the prime factors of c?
17
Suppose -2*l + 22 = -152. Suppose 3*r - 72 = l. What are the prime factors of r?
53
Suppose 0*r = -r + 3*g + 167, -2*g + 147 = r. Suppose 5*y - 3*p - r = 2*p, 0 = -4*p. What are the prime factors of y?
31
Let l = -116 + 242. What are the prime factors of l?
2, 3, 7
Let w(k) = -12*k - 23. Let o(y) = 18*y + 34. Let d(i) = 5*o(i) + 7*w(i). Suppose -3*c = -c - 16. What are the prime factors of d(c)?
3, 19
Let a = -1444 + 2301. What are the prime factors of a?
857
Let u = 203 + -78. Suppose -u = 15*c - 10*c. Let k = c - -60. List the prime factors of k.
5, 7
Let i be 9 - (6 - -2)/4. Suppose i*g = 3*g + 92. Let v = g + -17. What are the prime factors of v?
2, 3
Suppose -j = -79 - 105. What are the prime factors of j?
2, 23
Let m(h) = 505*h**3 + 2*h**2 + 2*h + 1. Let b be m(-1). What are the prime factors of (b/(-16))/3*2*7?
3, 7
Suppose 18*c - 15*c - 1104 = 0. Suppose 4*f - 5*n = -n + c, 3*f + 4*n - 290 = 0. List the prime factors of f.
2, 47
Let y be (-19)/(-6) - 11/66. Suppose y*f - 142 = 2*m, -4*m + 146 = 3*f - 5*m. What are the prime factors of f?
2, 5
Let w be (-2)/(-4)*0/(-16). Suppose w = -v - 3*f + 3 - 14, 5*v - f = -71. What are the prime factors of (-60)/v*(0 - -7)?
2, 3, 5
What are the prime factors of 1364/18 - 38/(-171)?
2, 19
Let f(k) = 631*k**3 - 2*k**2 - 3*k + 3. List the prime factors of f(1).
17, 37
Suppose 2*a + 2*s - 3116 = 0, 42*s = a + 45*s - 1566. What are the prime factors of a?
2, 3, 7, 37
Suppose 13*z + 10 = 15*z. Suppose z*f = -43 - 47. Let d = 51 - f. List the prime factors of d.
3, 23
Suppose -25 + 6 = 4*n - 3*u, -2*u + 6 = 4*n. Let f be (6/18)/(n/(-18)). Suppose -2*t - f + 78 = 0. List the prime factors of t.
2, 3
Suppose 0 = 2*w - 2*z + 101 - 803, 0 = 4*w - 5*z - 1401. What are the prime factors of w?
2, 3, 59
Let j = -14 - -19. Suppose -4*t = j*x - 127, 46 = t + x + 13. Let y = t - 24. List the prime factors of y.
2, 7
What are the prime factors of ((-84)/49)/((-4)/4536)?
2, 3
Let o(n) = n**3 + 4*n**2 - 9*n - 7. Let i be o(-6). Let j = -17 - i. Let k(l) = l + 2. List the prime factors of k(j).
2, 5
Suppose -7*k - 2*k - 9 = 0. List the prime factors of -45*(k/(-4) + 276/(-80)).
2, 3
Suppose 0 = 4*s + 2*x - 450, 10*s + 3*x = 5*s + 560. Let b = s + -75. List the prime factors of b.
2, 5
Suppose -4*r + 25 = b - 16, 5*b = -3*r + 35. Let j = 114 - r. List the prime factors of j.
2, 13
Let o be ((-18)/(-27))/(6/27). Suppose 104 + 85 = o*m + 4*q, -2*m + 140 = -2*q. List the prime factors of m.
67
Let u be -31 - (12/(-6))/(0 + -1). Let c = 110 + u. List the prime factors of c.
7, 11
Let z = -56 + 526. List the prime factors of z.
2, 5, 47
Let r be (-8)/(39/36 - 1). Let l = r + 209. List the prime factors of l.
113
Suppose 0 = 4*r - 0*r - 84. Let y = 89 - r. List the prime factors of y.
2, 17
Let g(c) = 97*c**2 - 6*c - 1. What are the prime factors of g(1)?
2, 3, 5
Let m = 970 + -619. Let c = m + -244. What are the prime factors of c?
107
Let x(m) = 709*m - 144. What are the prime factors of x(2)?
2, 7, 13
Let a(j) = j**2 - 18*j - 4. Let q(c) = -3*c**2 + 53*c + 12. Let t(u) = -u + 2. Let n be t(-2). Let i(m) = n*q(m) + 11*a(m). List the prime factors of i(10).
2, 11
Suppose 4*l - 1183 = -5*r, 8*r - 10*r = 3*l - 476. List the prime factors of r.
5, 47
Let v(t) = -t**2 + 10*t + 16. Let l be v(14). Let p = l - -62. What are the prime factors of p?
2, 11
Let f(t) = 303*t**2 - 6*t + 2. What are the prime factors of f(1)?
13, 23
Let z = -306 + 487. What are the prime factors of z?
181
Suppose -11*s - 10 = -9*s. Let r be (0 - 3 - s)/2. What are the prime factors of (-358)/(-10) + r/5?
2, 3
What are the prime factors of ((-107)/(-5))/(6 - 89/15)?
3, 107
Suppose 2494*u - 2495*u = -449. List the prime factors of u.
449
Suppose -5*b + 22 = -3*u, -5*u = -4*b + 3*b. Suppose 3*c - 426 = 3*d, 3*c + 0*d = b*d + 436. List the prime factors of c.
137
Suppose 0 = 4*l + i + 4*i - 115, -3*l = -2*i - 115. Let g = 10 + l. Suppose j + g = x, 2*j + 30 = x - 18. What are the prime factors of x?
2, 3, 7
Suppose 238 = -4*v - 674. Let j = 368 + v. List the prime factors of j.
2, 5, 7
Let z(k) = -5 - 13*k + 17*k + 15*k + 8 + 2*k**2. Let u be z(-13). Suppose -4*g + u = -22. What are the prime factors of g?
29
Let s(a) = a**3 + 25*a**2 + 34*a - 43. What are the prime factors of s(-22)?
661
Let h be 6/5*25/(-10) + 3. Suppose -2*j = -h*f + f - 177, -12 = 4*f. List the prime factors of j.
2, 3, 5
Let s(h) = h**3 - 11*h**2 - 9*h - 7. Let d be s(13). Let i = d + -113. What are the prime factors of i?
101
Let s = 36 - -499. List the prime factors of s.
5, 107
Suppose 10 = -5*o + 7*o. Suppose y = -0 - o. List the prime factors of 6/y*(-42 - -12).
2, 3
Suppose -4*x + 1327 = -5*z, 0 = 9*x - 14*x - 5*z + 1715. What are the prime factors of x?
2, 13
Suppose 5*z - 84 = -h, h + 67 + 9 = 5*z. What are the prime factors of z*(-3 + 50/16)*46?
2, 23
Suppose 0 = -3*l - 2*r - 0*r + 5, -2*l - 2 = 4*r. Suppose z - 2*z = -l*p - 47, -3*p = -3*z + 135. Suppose 3*c = -c + z. List the prime factors of c.
11
Let x(m) be the second derivative of m**4/12 - m**3/2 - m**2/2 - 5*m. Let j be x(4). Suppose j*i + 52 = 2*y - i, -4*i + 60 = 5*y. List the prime factors of y.
2
Let h(c) = 7*c**3 - 29*c**2 + 6*c -